 digit of 7621517?
6
What is the hundred millions digit of 958713770?
9
What is the thousands digit of 42845588?
5
What is the ten thousands digit of 6941345?
4
What is the hundred millions digit of 634734960?
6
What is the millions digit of 2048963343?
8
What is the ten thousands digit of 2628737418?
3
What is the hundred thousands digit of 28979945?
9
What is the thousands digit of 1477972111?
2
What is the tens digit of 304571533?
3
What is the tens digit of 541784547?
4
What is the hundred thousands digit of 1186146979?
1
What is the hundred millions digit of 111516087?
1
What is the hundred thousands digit of 191974114?
9
What is the tens digit of 1562904217?
1
What is the millions digit of 78654943?
8
What is the ten thousands digit of 141874611?
7
What is the ten millions digit of 70724454?
7
What is the hundreds digit of 569457878?
8
What is the hundred millions digit of 421734308?
4
What is the millions digit of 75588147?
5
What is the ten millions digit of 14516699?
1
What is the hundred thousands digit of 915207767?
2
What is the ten thousands digit of 43947470?
4
What is the hundred thousands digit of 2193701733?
7
What is the millions digit of 2414944062?
4
What is the thousands digit of 562870670?
0
What is the millions digit of 19018861?
9
What is the tens digit of 1091642348?
4
What is the ten millions digit of 1210329978?
1
What is the hundred thousands digit of 175127706?
1
What is the hundreds digit of 50123130?
1
What is the millions digit of 80073801?
0
What is the millions digit of 69133579?
9
What is the hundred thousands digit of 1148262013?
2
What is the millions digit of 80044862?
0
What is the millions digit of 198641163?
8
What is the thousands digit of 414547219?
7
What is the hundred thousands digit of 785268835?
2
What is the tens digit of 394035782?
8
What is the tens digit of 143619151?
5
What is the millions digit of 12330352?
2
What is the ten thousands digit of 253245805?
4
What is the tens digit of 1846322876?
7
What is the units digit of 286492592?
2
What is the millions digit of 59985150?
9
What is the ten thousands digit of 181224054?
2
What is the hundreds digit of 104545704?
7
What is the hundred thousands digit of 2438156858?
1
What is the millions digit of 856792385?
6
What is the ten millions digit of 6136472395?
3
What is the tens digit of 16947209?
0
What is the hundred millions digit of 270287042?
2
What is the hundreds digit of 103787405?
4
What is the hundred thousands digit of 873163272?
1
What is the hundred thousands digit of 11055006?
0
What is the millions digit of 198832126?
8
What is the ten millions digit of 22401086?
2
What is the hundreds digit of 57254039?
0
What is the millions digit of 39352729?
9
What is the ten millions digit of 36662141?
3
What is the hundreds digit of 37441545?
5
What is the ten millions digit of 76211384?
7
What is the ten thousands digit of 80119058?
1
What is the units digit of 1991165247?
7
What is the ten millions digit of 15687391?
1
What is the thousands digit of 3977873276?
3
What is the hundred thousands digit of 1242870483?
8
What is the millions digit of 1917430153?
7
What is the hundred millions digit of 1337255488?
3
What is the hundred millions digit of 3120266497?
1
What is the units digit of 2142386898?
8
What is the hundred millions digit of 4343340707?
3
What is the units digit of 34521649?
9
What is the hundred millions digit of 1373698594?
3
What is the ten thousands digit of 787023708?
2
What is the hundreds digit of 4356288369?
3
What is the thousands digit of 24154968?
4
What is the billions digit of 1660007708?
1
What is the hundred thousands digit of 328976091?
9
What is the hundred thousands digit of 68215780?
2
What is the units digit of 481924817?
7
What is the billions digit of 5066542295?
5
What is the ten millions digit of 203710121?
0
What is the ten millions digit of 439036212?
3
What is the millions digit of 1567102083?
7
What is the thousands digit of 891097121?
7
What is the hundreds digit of 134230805?
8
What is the units digit of 54468088?
8
What is the units digit of 83546189?
9
What is the units digit of 847668998?
8
What is the units digit of 150239991?
1
What is the tens digit of 351195706?
0
What is the hundred thousands digit of 1305816535?
8
What is the hundreds digit of 936344114?
1
What is the tens digit of 672386262?
6
What is the hundred millions digit of 1119874238?
1
What is the tens digit of 207599494?
9
What is the hundred thousands digit of 60756582?
7
What is the units digit of 942809629?
9
What is the billions digit of 1002795475?
1
What is the hundred thousands digit of 1437235563?
2
What is the hundred thousands digit of 332574151?
5
What is the ten millions digit of 2944367761?
4
What is the hundreds digit of 675792727?
7
What is the hundred millions digit of 6131790906?
1
What is the hundred thousands digit of 13854427?
8
What is the ten thousands digit of 998988?
9
What is the ten millions digit of 334476281?
3
What is the hundred millions digit of 2118453332?
1
What is the thousands digit of 27356628?
6
What is the hundred thousands digit of 181861327?
8
What is the hundred thousands digit of 28252535?
2
What is the hundred thousands digit of 36513697?
5
What is the hundred thousands digit of 92872663?
8
What is the tens digit of 45485567?
6
What is the hundred thousands digit of 1261677163?
6
What is the tens digit of 375205879?
7
What is the hundred thousands digit of 2880913273?
9
What is the millions digit of 523547359?
3
What is the hundreds digit of 117550292?
2
What is the thousands digit of 199222521?
2
What is the millions digit of 39411499?
9
What is the millions digit of 2506914401?
6
What is the thousands digit of 56383767?
3
What is the ten millions digit of 78974126?
7
What is the ten thousands digit of 45072428?
7
What is the ten thousands digit of 170236823?
3
What is the ten thousands digit of 1616346794?
4
What is the hundreds digit of 92493883?
8
What is the tens digit of 50613130?
3
What is the hundred millions digit of 5669979119?
6
What is the thousands digit of 469874316?
4
What is the thousands digit of 2714558626?
8
What is the thousands digit of 1143140326?
0
What is the tens digit of 204642059?
5
What is the hundred millions digit of 210820011?
2
What is the millions digit of 67913269?
7
What is the ten thousands digit of 59270645?
7
What is the units digit of 1808107636?
6
What is the tens digit of 88756217?
1
What is the hundreds digit of 971455774?
7
What is the hundred millions digit of 702488933?
7
What is the thousands digit of 141336905?
6
What is the ten millions digit of 55793533?
5
What is the hundred millions digit of 385547432?
3
What is the millions digit of 42813329?
2
What is the units digit of 5558386372?
2
What is the ten millions digit of 3684098110?
8
What is the ten thousands digit of 95080913?
8
What is the hundred thousands digit of 935990649?
9
What is the ten millions digit of 51685016?
5
What is the ten millions digit of 61362964?
6
What is the units digit of 114435427?
7
What is the hundred thousands digit of 1305473110?
4
What is the millions digit of 322393282?
2
What is the thousands digit of 1097696830?
6
What is the thousands digit of 69427175?
7
What is the thousands digit of 14435691?
5
What is the ten millions digit of 1955399694?
5
What is the ten millions digit of 1500293223?
0
What is the millions digit of 74534086?
4
What is the ten millions digit of 686132418?
8
What is the ten thousands digit of 198667304?
6
What is the hundred thousands digit of 214363456?
3
What is the units digit of 1716213154?
4
What is the thousands digit of 1094223394?
3
What is the hundreds digit of 518606461?
4
What is the hundred thousands digit of 2985886532?
8
What is the hundreds digit of 643202563?
5
What is the millions digit of 454373674?
4
What is the ten thousands digit of 1197032551?
3
What is the ten thousands digit of 72236810?
3
What is the ten millions digit of 78815764?
7
What is the ten thousands digit of 137868284?
6
What is the ten thousands digit of 1170611829?
1
What is the millions digit of 27565888?
7
What is the units digit of 1991890049?
9
What is the ten thousands digit of 65522467?
2
What is the millions digit of 41882281?
1
What